et s(j) = -3*b(j) + c(j). Let q be s(-2). Let u = 17 - q. What is the units digit of u?
6
Let r(x) = -x**2 - 17*x + 19. What is the units digit of r(-16)?
5
Suppose 0 = -j + 1. Suppose -s + 0 + j = 0. Suppose 0 = r + 5*v - 19, 4*r - 3*v - 2*v = s. What is the units digit of r?
4
Let r(q) = -10*q**2 + 3*q + 4. Let k(b) = 11*b**2 - 4*b - 5. Let s(t) = -5*k(t) - 6*r(t). Let h be s(-1). What is the units digit of h/(6/9*1)?
6
Let u(t) = 4*t + 1. Let x be u(2). What is the units digit of (-173)/(-9) + (-2)/x?
9
Let b = 5 + -15. What is the units digit of (-86)/b + 14/35?
9
Suppose -c = -2*p + 7, 3*p - c - 21 = 4*c. Suppose -69 = p*a - 5*a. What is the units digit of a?
3
Suppose 4*n = -89 - 31. What is the tens digit of ((-12)/10)/(2/n)?
1
Let i = 81 - 11. What is the tens digit of i?
7
Let l(g) = 4*g. Suppose -4*v - 5*b + b + 32 = 0, 0 = v - 2*b + 4. What is the tens digit of l(v)?
1
Let h be (3 + -3)/(-2 - -4). Suppose 4*d - 83 = 5*t, -3*d + h*t - 5*t + 36 = 0. What is the tens digit of d?
1
Suppose -6 = -3*q - 4*j, -3*q + 3*j - 1 = -7. What is the units digit of (1 - -1 - q) + 13?
3
Suppose -4*q + 7*q = 12. Let f be (-1 - (-11)/q)*4. Let h(y) = -y**3 + 8*y**2 - 7*y + 3. What is the units digit of h(f)?
3
What is the hundreds digit of -1*(-316 - (-18)/(-6))?
3
Suppose 26*y - 29*y + 264 = 0. What is the units digit of y?
8
Suppose 17*k = 20*k - 363. What is the tens digit of k?
2
Let w(t) = -t**3 + 6*t**2 - t + 8. Let x be w(6). Let f be -1 - (x + -4*1). Suppose 0*u - u + f = 0. What is the units digit of u?
1
Suppose -3*h = h - 32. What is the tens digit of 146/h + (-4)/16?
1
Suppose -2*u - 3 - 1 = 0. What is the units digit of 16/2 - (4 + u)?
6
Let j = 300 + -212. What is the units digit of j?
8
Suppose 0 = 2*w - 6*w - 8. Let j = -2 - w. Suppose j*n = n - 2. What is the units digit of n?
2
Let h(g) = g**2 - 8*g + 4. Let w be h(7). Let n be 2/(-6) - 10/w. Suppose -c - 5*u = -18, u - 42 = -n*c - 2*u. What is the tens digit of c?
1
Suppose 0 = -4*p - 2*f - 60, p - 4*p - 5*f = 38. Let d = -14 + 40. Let b = p + d. What is the tens digit of b?
1
What is the units digit of 592/20 + (-12)/20?
9
Let u be (5 + -2)*5/(-3). Let k(y) be the third derivative of -y**6/120 - y**5/15 + y**4/6 - y**3/2 - y**2. What is the units digit of k(u)?
2
Suppose -5*p + 13 = -5*w - 3*p, 4*p - 13 = -3*w. Let k be w/4 - 46/8. Let x = k + 11. What is the units digit of x?
5
Suppose b + 5*r - 80 = -3*b, -2*r - 7 = -b. What is the tens digit of b?
1
Suppose -3*i - 31 - 20 = 0. Let l = i + 45. What is the units digit of l?
8
Let p(s) = -4 + 3*s - 3*s + s**2. Let l = 10 - 13. What is the units digit of p(l)?
5
Let h = -6 + 9. Suppose -l + 4*l - 21 = -h*k, -k = 2*l - 13. What is the units digit of l?
6
Let y = 109 - 68. What is the tens digit of y?
4
Let z(b) = -5*b - 23. What is the units digit of z(-16)?
7
Let g(u) = -6*u**3 - 2*u**2 - u. Let q be g(-1). Suppose -t - 2*x + 7 = -x, q*t = 5*x - 15. What is the units digit of t?
2
Let p(s) be the second derivative of s**3/6 + 4*s**2 - s. Let u = 75 + -79. What is the units digit of p(u)?
4
Suppose 3*u = 5*u + 2. Let m = u + 4. What is the units digit of m?
3
Suppose 3*g - 38 = -5. What is the units digit of g?
1
What is the units digit of (-1082)/(-8) + (-2)/8?
5
Let j(h) = h**2 + 3 + 0 - 4 + 2 + 5*h. Let l be (6/4)/(2/(-8)). What is the units digit of j(l)?
7
Let v = 10 - 6. Let p(z) = z**3 - 3*z**2 - z + 3. What is the tens digit of p(v)?
1
Let y be 33/9 - (-6)/(-9). Suppose -2*j = y*j - 15. What is the units digit of j/(-2)*(1 + -3)?
3
Suppose b - 5*o - 35 - 77 = 0, 5*o = 5*b - 600. What is the tens digit of b?
2
Let n = 17 - 36. Let t = n + 8. Let m = -5 - t. What is the units digit of m?
6
Let a(w) = w**2 - 4*w - 8. Suppose -2*f = -f - 2. Let d be ((-3)/6 + f)*4. What is the units digit of a(d)?
4
Let t(v) = -v**3 + 15*v**2 - 19*v + 57. What is the tens digit of t(11)?
3
Suppose -3*b = -5*b + 8. Suppose -4*j + 0 = -8. Suppose -b*d = 3*n - 34, 0 = j*n - 2*d - 4. What is the units digit of n?
6
Suppose 662 = 4*s + 82. What is the hundreds digit of s?
1
Suppose -3*z = -28 + 94. Let v = 31 + z. What is the units digit of v?
9
Let d(m) = -50*m - 12. What is the units digit of d(-3)?
8
Let n = -2 - -2. Suppose -4*x - 16 = -5*x - j, n = -j. Suppose 8 + x = 4*b. What is the units digit of b?
6
What is the units digit of ((-18)/1 - -4)/(2/(-5))?
5
Suppose 4*m + 162 = 7*m. What is the tens digit of m?
5
Let o(d) = 9*d + 7. Let g(m) = -4*m - 3. Let s(p) = -14*g(p) - 6*o(p). What is the units digit of s(1)?
2
Let x = 111 - -320. What is the hundreds digit of x?
4
Let p = 10 + -18. Let s be p*3/(-18)*3. Suppose -3*u = 1 - s. What is the units digit of u?
1
Let a(s) = 5*s + 1. Let q be a(7). Suppose x - q = -2*x. What is the units digit of x?
2
Let y(v) = v + 1. Let z be y(4). Suppose 2*s - 24 = -2*s + 4*o, 4*s = z*o + 21. What is the units digit of (3/s)/((-1)/(-33))?
1
Let o(j) = -20*j + 20. Let y(l) = 7*l - 7. Let u(b) = 6*o(b) + 17*y(b). Suppose 0 = -3*q + 3*r, -3*q - 4*r = -q. What is the units digit of u(q)?
1
Suppose 2*b - b + 6 = -2*t, -28 = 5*t - 4*b. Let j = 3 - t. What is the units digit of j/((-7)/(-6)) - 3?
3
Let b(l) = 5*l + 2. Let n be b(9). Let d be (-4)/18 - n/(-9). Suppose o + 12 = d*q, 0 = -o + 2*o + 3*q - 28. What is the units digit of o?
3
Suppose o - 188 = -5*l, o + 2*o = 9. Suppose 4*s - 2*p + 5*p + l = 0, s + 4*p + 19 = 0. What is the units digit of (-2)/s + (-40)/(-7)?
6
Let v(y) = y**2 + 5*y - 5. Let w(d) = -7*d + 2*d + 3*d**3 - 6*d**2 - 4*d**3 - 7. Let j be w(-5). What is the units digit of v(j)?
9
Let o(y) = 2*y - 16. Let k be o(-4). Let b(v) = 4*v**2 - 1. Let n be b(-3). Let a = n + k. What is the tens digit of a?
1
Suppose 0 = -4*n + 14*n - 1120. What is the units digit of n?
2
Let f(k) = -k**2 - k - 1. Let a be f(3). Let w = -7 - a. What is the units digit of (-1)/(-4)*w*2?
3
Suppose 0 = -s - 2*s + 270. What is the units digit of s?
0
Let t = -6 - -4. What is the tens digit of t + (-2)/((-6)/51)?
1
Suppose -x + 92 = v - 6*x, -5*v - x = -564. What is the tens digit of v?
1
Let c be ((-2)/(-2))/((-1)/2). What is the units digit of c/(-4) - (-300)/8?
8
Let k = -2 + 5. Let f = 49 + -26. Suppose -g = b + 3*g - f, 2*g = -k*b + 19. What is the units digit of b?
3
Let t = 47 + 31. Suppose 4*z + 22 = t. What is the units digit of z?
4
Let d(u) = u**2 - 4*u. Let r be d(5). Let x = 2 + 3. Suppose -b - r*f + 29 = 0, b + f - x*f = -7. What is the units digit of b?
9
Suppose -3*k - 64 = -3*i - 190, -3*k = 2*i - 106. What is the tens digit of k?
3
Suppose 3*f + 0*f = -5*h + 17, 5*h + 4*f = 16. Suppose -3*b + 0*t = 5*t - 23, 2*b = -t + 20. Let u = h + b. What is the units digit of u?
5
Suppose -m + 2*m = 29. Suppose 4*t + 4*q = 44, 5*q = -3*t - 0*q + m. What is the tens digit of t?
1
Let s(c) = -c**2 + 2*c + 3. Let i be s(3). Suppose 3*b = b + 4*o + 28, i = -3*b - 2*o + 18. What is the units digit of b?
8
Let i be (2/(-2))/((-2)/6). Let f be 4/14 - (-6)/(-21). Suppose f = -5*j + i*j + 22. What is the tens digit of j?
1
Let g(h) = 3*h**2 - 7*h + 6. Let k(v) = 2*v**2 + v + 1. Let f be k(1). What is the tens digit of g(f)?
2
Suppose 2*h + 6*n - 2*n = -8, 2*n + 6 = 0. Suppose b + x - 7 = 1, 2*x + 4 = h*b. What is the units digit of b?
5
Let b = 4 + 13. Let h = -1 + b. What is the tens digit of (104/h)/((-1)/(-2))?
1
Let r(u) = -4*u**3 + u**2 - 2*u + 4. What is the hundreds digit of r(-3)?
1
Let t be (-4)/(-6) - 2/(-6). Let y = 0 - t. What is the units digit of y/3 + 75/9?
8
Suppose z + 1 = 28. Let a = z + -13. What is the units digit of a?
4
Let m(k) = k**3 + 5*k**2 - k - 1. Suppose -4*y = j + 16, -5*y + 2*y = 6. Let r = -13 - j. What is the units digit of m(r)?
4
Let t(u) = u**3 - 4*u**2 + u - 1. Let r be t(4). Suppose r*h = h + 54. Suppose -4*x + h = -45. What is the tens digit of x?
1
Let m(w) = 8*w - 2. Let q be m(4). Suppose 4*s + 2*u = 66, 0 = -2*s - u - u + q. Suppose b = 4*b - s. What is the units digit of b?
6
Let o = 40 - 22. What is the units digit of o?
8
Let q(m) = m**2 + 5*m + 6. Let l be q(-4). Suppose 3*t - 4*g - 46 = -8, 0 = 3*t - l*g - 28. What is the units digit of t?
6
Let g(w) = w**2 + 7*w + 6. Let f be g(-6). Suppose 2*i + 2*i = f. Let a = 1 - i. What is the units digit of a?
1
Let k(n) = -n**2 - 8*n - 5